git of r?
3
Suppose 5*x = -8 - 12. Let k(z) = z**2 - 5*z + 3. Let f be k(x). Suppose 0 = 4*c + f - 183. What is the units digit of c?
6
Let y(c) = -2*c - 2*c + 8 + 2*c**2 - 5. Let q be y(2). Suppose 5*h - 4 = 2*s, q*s + 3*h + 6 = 42. What is the units digit of s?
8
Let q(r) = 8*r**2 + 25*r + 186. What is the hundreds digit of q(-7)?
4
Let t(q) = 28*q + 451. What is the tens digit of t(12)?
8
Suppose -4692 = -3*n - 5*r, -10*n - 1563 = -11*n - 2*r. What is the thousands digit of n?
1
What is the units digit of 5/5 - (-5 - 343)?
9
What is the hundreds digit of 2/(-10) + ((-7233)/(-15) - 0)?
4
Let h = -53 + 31. Let s = h - -22. What is the tens digit of -2 - ((-26 - 3) + s)?
2
Let x be (-14)/1*(-87)/6. Suppose x = 5*w - 242. What is the units digit of w?
9
Let c(d) = -406*d - 71. What is the tens digit of c(-6)?
6
Let x(g) = 151*g - 1. Let b = -56 - -57. What is the tens digit of x(b)?
5
What is the tens digit of 16/(-40) + 3987/5?
9
What is the units digit of 12320/80 - (-1 + -7)?
2
Let u = 402 - 381. What is the tens digit of u?
2
Suppose -2*y = 41*k - 42*k - 1003, 0 = -y - 3*k + 512. What is the units digit of y?
3
Let c(t) = t - 8. Let p be c(9). What is the tens digit of 0 - 1/p - -11*7?
7
Let c = 7960 + -5459. What is the hundreds digit of c?
5
Suppose -u - 5*i - 530 = 0, 0*u - 2621 = 5*u - 4*i. Let w = -370 - u. What is the hundreds digit of w?
1
Let h(k) = k**3 + 5*k**2 - 3*k + 7. Suppose z = -0*d - 5*d + 10, 4*d + 3 = -3*z. Suppose -4*f - 1 = -5, d*y - 2*f = -17. What is the tens digit of h(y)?
2
Let f be (-20)/(-8) - 1/(-8)*-4. Suppose f*r - 61 = 9. What is the units digit of r?
5
Let j = 1971 + 872. What is the thousands digit of j?
2
Suppose -5*o - 5*z = -10, o - 6 = -4*z + 2. Suppose 4*f + 44 - 160 = o. Let n = f - 3. What is the units digit of n?
6
Let c = -365 + 1157. What is the tens digit of c?
9
Let v(k) = -2*k**3 + 107. What is the units digit of v(0)?
7
Let o(x) = -x**2 - 14*x + 19. Let k be o(-13). Let s = -4 + 19. Let i = k + s. What is the tens digit of i?
4
Let u(w) = -w**2 + 8*w + 24. Let j be u(10). Suppose 0 = -4*z - j*n + 347 - 91, 5*z - 290 = 5*n. What is the tens digit of z?
6
Suppose -20 = -3*x + 4. Suppose -6*c = -x*c + 2. Let g(s) = 59*s + 2. What is the units digit of g(c)?
1
Let k(r) = 8*r + 54. What is the units digit of k(14)?
6
What is the hundreds digit of 506 + 7 - (0 - 2)?
5
Suppose 56 = 4*v - 0*v. Let o(a) = -2*a - a + 2*a + v. What is the tens digit of o(-11)?
2
Let c(v) = -v**3 + 7*v**2 + 12*v + 12. Let b be c(9). Let r = -271 + 190. Let o = b - r. What is the units digit of o?
9
Suppose 237 = -4*w + 701. What is the units digit of w?
6
Let h(r) = -r**3 + 4*r**2 - 9. Let p be h(4). Let c(v) = -3*v**3 - 2*v**3 + 6*v**3 + 10*v**2 + 8*v + 7. What is the tens digit of c(p)?
1
Let t(p) = -2*p**2 + 68*p + 4. What is the hundreds digit of t(20)?
5
Suppose 2*k - 228 = -k. Suppose 3*q = k + 56. What is the units digit of q?
4
Suppose -4*k + 495 = 5*g, -k + 2*k + 5*g - 135 = 0. Suppose -4*u + k = 2*x - 0*x, -180 = -3*x - 5*u. What is the tens digit of x?
6
Suppose 3*z + 4*i - 17763 = 7*i, 0 = -2*z + 3*i + 11838. What is the hundreds digit of z?
9
Suppose 0 = 3*j + r - 0*r - 9338, 4*r = 8. What is the hundreds digit of j?
1
Let x(y) = -2*y**3 - 9*y**2 + 30*y - 37. What is the units digit of x(-12)?
3
Suppose -b + 2*s + 553 = -s, -2*s = -4*b + 2172. Suppose b = 13*f - 2930. What is the tens digit of f?
6
Suppose 4*g = -10*g + 10794. What is the tens digit of g?
7
Suppose 3*a - 1209 = 2*w, 5*a + w = 3*w + 2015. What is the units digit of a?
3
Let y = 188 - 192. Let b(u) be the first derivative of u**3/3 - u**2/2 - 9*u + 1. What is the units digit of b(y)?
1
Suppose -5*m - 15 = -2*m, 5*m = 3*k - 1543. What is the tens digit of k?
0
Suppose -6*b + 2536 = -1316. What is the tens digit of b?
4
Let p(v) = v**2 - 10*v + 3. Let m be (-1 - -3)*6 + (-2 - -5). What is the units digit of p(m)?
8
Let g(o) = 30*o + 5. Let p be g(3). Suppose 0*n = 5*n - p. What is the units digit of n?
9
Let a(u) = 13*u**3 + u**2 - 2*u. Let x be 33/44 + (-1)/(-4). What is the tens digit of a(x)?
1
Let a be (0 - -2)/(-1) + -1. Let k = a - -6. Suppose -7 + k = -2*o. What is the units digit of o?
2
What is the tens digit of -319*((-14)/(-7) - 4)?
3
Let f = 41 + -41. Suppose -2*x + 115 = 5*r, -x - 2*r - 2*r + 65 = f. What is the units digit of x?
5
Let o = 0 + 4. Let f be o/(-36) + (-192)/(-27). What is the tens digit of (-6)/(-1 - f/(-10))?
2
Let o = -7748 + 12538. What is the thousands digit of o?
4
Let v(s) be the third derivative of 2*s**5/5 + s**4/24 - s**3/6 - s**2. Suppose -3*o = 5*d + 7, -3*d = 4*o - 2*o + 4. What is the units digit of v(o)?
4
Let z(r) = -r + 12. Let s be z(9). Suppose -2*x + s*n - 45 = -4*x, 0 = 4*x + n - 95. Let j = x - 10. What is the units digit of j?
4
Let v(c) = -10*c - 5. Let z(n) = n**3 - 9*n**2 + 7*n + 6. Let l be z(8). Let u be v(l). Suppose -1 = -q + u. What is the units digit of q?
6
Suppose 53 + 31 = -4*h. Suppose i - 4*i - 117 = 0. Let f = h - i. What is the units digit of f?
8
Let k = 2055 + -1366. What is the tens digit of k?
8
Suppose 0 = -3*m + 4*g - 6*g - 72, 0 = -2*m - 2*g - 48. Let v = 54 + m. What is the tens digit of v?
3
Let q(z) be the third derivative of z**7/1260 - 7*z**6/720 - 7*z**5/60 + 10*z**2. Let b(u) be the third derivative of q(u). What is the tens digit of b(9)?
2
What is the hundreds digit of -9 + 153 - 6/(-2)?
1
Let y(x) = x**3 - x**2 - 6*x + 6. Let b be y(3). Let l(f) = 2*f**3 - 4*f**2 - 9*f + 12. What is the hundreds digit of l(b)?
2
Suppose 4*p + 3*j + 1221 = 0, -j + 193 = -3*p - 713. Let m = p - -479. What is the hundreds digit of m?
1
Suppose 11 = v + 2*p - 18, -5*v - 4*p + 133 = 0. Suppose v = 5*z, -z + 273 = 2*a - 70. What is the units digit of a?
9
Suppose p - 3*c = 8, 5*p - 2*c - 2*c = 18. Suppose 0 = -v + 4*y - 3 + 22, -p*v - y = -2. What is the units digit of (-2)/4*(-66)/v?
1
Let y(p) = p**2 - 2*p - 38. What is the tens digit of y(24)?
9
Let i(o) = -2*o**3 - 2*o**2 - 3*o - 2. Suppose -6*h = -4*h + 4. Let b be i(h). Suppose 0 = 4*c - c - b. What is the units digit of c?
4
Let w = 91 - 95. What is the units digit of 90 - 2 - (-3 - w) - 2?
5
Let b(p) be the second derivative of p**2 - 7*p. Let u(m) = -m + 2. Let n(g) = -5*b(g) + 4*u(g). What is the tens digit of n(-10)?
3
Let w(c) = -c**3 - 8*c**2 + 9*c + 6. Let l be -12 + (-42)/56*(1 + -5). What is the units digit of w(l)?
6
Suppose 3438 - 32156 = -83*t. What is the hundreds digit of t?
3
Let z(d) = 99*d - 8. What is the tens digit of z(9)?
8
Let b be -9*40/(-12)*-1. Let o be (14 + -5)*(b + 1). What is the units digit of (-2)/(-4) - o/18?
5
Let n(b) be the first derivative of -7/2*b**2 - 1/4*b**4 - 6 + 6*b + 7/3*b**3. What is the units digit of n(4)?
6
Suppose 0 = -t, 16 = 2*a - 0*a - t. Let b be (-2 - -2) + a/1. What is the units digit of 101/3 + b/(-12)?
3
Let f(r) = -3*r - 1 + 2 - 2*r - 12*r. What is the tens digit of f(-3)?
5
Suppose 3*f - 25 = -2*f, 0 = -g - 5*f + 1117. What is the tens digit of g/36 - 2/6?
3
Suppose 3*g + 11 = 89. Let d = 3 + g. What is the tens digit of d?
2
Let h = 1084 + -605. What is the units digit of h?
9
Suppose -921*u + 931*u = 60540. What is the hundreds digit of u?
0
Let j = 11 + -10. What is the tens digit of (-2)/6 + (1582/21)/j?
7
Let h(a) = -a**2 - 18*a + 11. Let s = -64 - -28. Let j = s + 23. What is the units digit of h(j)?
6
Let b(h) = h**2 - 14*h + 25. Let s be b(17). Suppose -286 - 259 = -5*l. Let a = l - s. What is the units digit of a?
3
Suppose -f + 0*f + 4*r + 1543 = 0, -2*f + r + 3100 = 0. What is the tens digit of f?
5
Let g be ((-3)/9)/((-10)/5130). Let q = g + -44. What is the hundreds digit of q?
1
Let j(n) = -n**3 + 4*n**2 - 4. Let a be j(2). What is the tens digit of (-7)/(-28) - (-1127)/a?
8
Let g be 3/9*(-3 - -9). Let c(z) = -22 - z**3 - 2*z + 18*z**g + z + 44. What is the units digit of c(18)?
4
Let z = -240 - -91. Let s = 236 + z. What is the tens digit of s?
8
Let o = -462 - -873. What is the units digit of o?
1
Let s(l) = -l**3 - 20*l**2 - 20*l + 20. Let y be s(-19). Let d = 7 - -1. Suppose -d*a + 5*a = -y. What is the units digit of a?
3
Let k = -14 + 13. Let a(m) = -13*m**3 - m**2 - 2*m - 1. Let d be a(k). Suppose 0 = u - 2*u + d. What is the tens digit of u?
1
Sup